{"id":87902,"date":"2021-06-15T23:36:09","date_gmt":"2021-06-15T21:36:09","guid":{"rendered":"https:\/\/www.tevini.at\/?page_id=87902"},"modified":"2022-12-12T10:22:05","modified_gmt":"2022-12-12T09:22:05","slug":"impressum","status":"publish","type":"page","link":"https:\/\/www.tevini.at\/de\/impressum\/","title":{"rendered":"Impressum"},"content":{"rendered":"<div class=\"wpb-content-wrapper\"><p>[vc_row][vc_column width=&#8220;1\/1&#8243;][uncode_slider][vc_row_inner row_inner_height_percent=&#8220;0&#8243; back_image=&#8220;87739&#8243; back_position=&#8220;center center&#8220; overlay_color=&#8220;color-143431&#8243; overlay_alpha=&#8220;100&#8243; overlay_color_blend=&#8220;multiply&#8220; gutter_size=&#8220;3&#8243; shift_y=&#8220;0&#8243; z_index=&#8220;0&#8243;][vc_column_inner column_width_percent=&#8220;100&#8243; align_horizontal=&#8220;align_center&#8220; gutter_size=&#8220;3&#8243; overlay_alpha=&#8220;50&#8243; shift_x=&#8220;0&#8243; shift_y=&#8220;0&#8243; shift_y_down=&#8220;0&#8243; z_index=&#8220;0&#8243; medium_width=&#8220;0&#8243; mobile_width=&#8220;0&#8243; width=&#8220;1\/1&#8243;][vc_empty_space empty_h=&#8220;3&#8243;][vc_custom_heading text_color=&#8220;color-xsdn&#8220; heading_semantic=&#8220;h1&#8243; text_size=&#8220;h1&#8243; separator=&#8220;yes&#8220;]Impressum[\/vc_custom_heading][vc_empty_space empty_h=&#8220;3&#8243;][\/vc_column_inner][\/vc_row_inner][\/uncode_slider][\/vc_column][\/vc_row][vc_row][vc_column width=&#8220;1\/2&#8243;][vc_empty_space empty_h=&#8220;2&#8243;][vc_column_text uncode_shortcode_id=&#8220;662111&#8243;]<strong>Appartement Tevini<\/strong><\/p>\n<p>Manuela Tevini<br \/>\nGletschermoosstrasse 4<br \/>\n5700 Zell am See<\/p>\n<p>Mobil: +43\/664\/ 234 98 98<br \/>\nFax: +43\/6542\/5 71 54 &#8211; 83<br \/>\nE-Mail: <a href=\"mailto:info@tevini.at\">info@tevini.at<\/a><\/p>\n<p>&nbsp;<\/p>\n<p><strong>Verwaltet von:<\/strong><\/p>\n<p>we gmbh<br \/>\nFlugplatzstra\u00dfe 52<br \/>\n5700 Zell am See<br \/>\nATU74352158<\/p>\n<p>+43 664 635 8787<br \/>\n<a href=\"mailto:we@we-rent-apartments.com\">we@we-rent-apartments.com<\/a>[\/vc_column_text][\/vc_column][vc_column width=&#8220;1\/2&#8243;][vc_empty_space empty_h=&#8220;2&#8243;][vc_column_text]<strong>Bildrechte: <\/strong><br \/>\nTourismusverband Zell am See; Nikolaus Faistauer,[\/vc_column_text][\/vc_column][\/vc_row][vc_row][vc_column width=&#8220;1\/1&#8243;][vc_column_text]<\/p>\n<h3>HAFTUNGSAUSSCHLUSS<\/h3>\n<p><strong>Haftung f\u00fcr Inhalte dieser Webseite<\/strong><br \/>\nDie Inhalte dieser Webseite\u00a0wurden mit gr\u00f6\u00dftm\u00f6glicher Sorgfalt erstellt. F\u00fcr die Richtigkeit, Vollst\u00e4ndigkeit und Aktualit\u00e4t der Inhalte \u00fcbernehmen wir jedoch keine Gew\u00e4hr. Als Diensteanbieter sind wir f\u00fcr eigene Inhalte auf diesen Seiten nach den allgemeinen Gesetzen verantwortlich. Wir sind jedoch nicht verpflichtet, \u00fcbermittelte oder gespeicherte fremde Informationen zu \u00fcberwachen oder nach Umst\u00e4nden zu forschen, die auf eine rechtswidrige T\u00e4tigkeit hinweisen. Verpflichtungen zur Entfernung oder Sperrung der Nutzung von Informationen nach den allgemeinen Gesetzen bleiben hiervon unber\u00fchrt. Eine diesbez\u00fcgliche Haftung ist jedoch erst ab dem Zeitpunkt der Kenntnis einer konkreten Rechtsverletzung m\u00f6glich. Bei Bekanntwerden von entsprechenden Rechtsverletzungen werden wir diese Inhalte umgehend entfernen.<\/p>\n<p><strong>Haftung f\u00fcr Links auf Webseiten Dritter<\/strong><br \/>\nUnser Angebot enth\u00e4lt Links zu externen Websites. Auf den Inhalt dieser externen Webseiten haben wir keinerlei Einfluss. Deshalb k\u00f6nnen wir f\u00fcr diese fremden Inhalte auch keine Gew\u00e4hr \u00fcbernehmen. F\u00fcr die Inhalte der verlinkten Seiten ist stets der jeweilige Anbieter oder Betreiber der Seiten verantwortlich. Die verlinkten Seiten wurden zum Zeitpunkt der Verlinkung auf m\u00f6gliche Rechtsverst\u00f6\u00dfe \u00fcberpr\u00fcft. Rechtswidrige Inhalte waren zum Zeitpunkt der Verlinkung nicht erkennbar. Eine permanente inhaltliche Kontrolle der verlinkten Seiten ist jedoch ohne konkrete Anhaltspunkte einer Rechtsverletzung nicht zumutbar. Bei Bekanntwerden von Rechtsverletzungen werden wir derartige Links umgehend entfernen.<\/p>\n<p><strong>Urheberrecht<\/strong><br \/>\nDie Betreiber dieser Webseite\u00a0sind bem\u00fcht, stets die Urheberrechte anderer zu beachten bzw. auf selbst erstellte sowie lizenzfreie Werke zur\u00fcckzugreifen. Die durch die Seitenbetreiber erstellten Inhalte und Werke auf dieser Webseite unterliegen dem Urheberrecht. Beitr\u00e4ge Dritter sind als solche gekennzeichnet. Die Vervielf\u00e4ltigung, Bearbeitung, Verbreitung und jede Art der Verwertung au\u00dferhalb der Grenzen des Urheberrechtes bed\u00fcrfen der schriftlichen Zustimmung des jeweiligen Autors bzw. Erstellers. Downloads und Kopien dieser Seite sind nur f\u00fcr den privaten, nicht kommerziellen Gebrauch gestattet.<\/p>\n<h3>COPYRIGHT, MARKEN- &amp; SCHUTZRECHTE<\/h3>\n<h4><\/h4>\n<p>Alle Inhalte auf dieser Website sind urheberrechtlich gesch\u00fctzt. Texte, Bilder, Grafiken, Sound, Animationen und Videos unterliegen dem Schutz des Urheberrechts und anderer Schutzgesetze. Der Inhalt darf nicht zu kommerziellen Zwecken kopiert, verbreitet, ver\u00e4ndert oder Dritten zug\u00e4nglich gemacht werden. Jede Nutzung, insbesondere die Speicherung in Datenbanken, Vervielf\u00e4ltigung, Verbreitung, Bearbeitung und jede Form von gewerblicher Nutzung sowie die Weitergabe an Dritte \u2013 auch in Teilen oder in \u00fcberarbeiteter Form \u2013 ohne Zustimmung des Betreibers bzw. des Urhebers ist untersagt.<\/p>\n<p>[\/vc_column_text][vc_empty_space empty_h=&#8220;2&#8243;][\/vc_column][\/vc_row]<\/p>\n<\/div>","protected":false},"excerpt":{"rendered":"<p>[vc_row][vc_column width=&#8220;1\/1&#8243;][uncode_slider][vc_row_inner row_inner_height_percent=&#8220;0&#8243; back_image=&#8220;87739&#8243; back_position=&#8220;center center&#8220; overlay_color=&#8220;color-143431&#8243; overlay_alpha=&#8220;100&#8243; overlay_color_blend=&#8220;multiply&#8220; gutter_size=&#8220;3&#8243; shift_y=&#8220;0&#8243; z_index=&#8220;0&#8243;][vc_column_inner column_width_percent=&#8220;100&#8243; align_horizontal=&#8220;align_center&#8220; gutter_size=&#8220;3&#8243; overlay_alpha=&#8220;50&#8243; shift_x=&#8220;0&#8243; shift_y=&#8220;0&#8243; shift_y_down=&#8220;0&#8243; z_index=&#8220;0&#8243; [&hellip;]<\/p>\n","protected":false},"author":1,"featured_media":0,"parent":0,"menu_order":0,"comment_status":"closed","ping_status":"closed","template":"","meta":{"footnotes":""},"class_list":["post-87902","page","type-page","status-publish","hentry"],"_links":{"self":[{"href":"https:\/\/www.tevini.at\/de\/wp-json\/wp\/v2\/pages\/87902","targetHints":{"allow":["GET"]}}],"collection":[{"href":"https:\/\/www.tevini.at\/de\/wp-json\/wp\/v2\/pages"}],"about":[{"href":"https:\/\/www.tevini.at\/de\/wp-json\/wp\/v2\/types\/page"}],"author":[{"embeddable":true,"href":"https:\/\/www.tevini.at\/de\/wp-json\/wp\/v2\/users\/1"}],"replies":[{"embeddable":true,"href":"https:\/\/www.tevini.at\/de\/wp-json\/wp\/v2\/comments?post=87902"}],"version-history":[{"count":19,"href":"https:\/\/www.tevini.at\/de\/wp-json\/wp\/v2\/pages\/87902\/revisions"}],"predecessor-version":[{"id":89310,"href":"https:\/\/www.tevini.at\/de\/wp-json\/wp\/v2\/pages\/87902\/revisions\/89310"}],"wp:attachment":[{"href":"https:\/\/www.tevini.at\/de\/wp-json\/wp\/v2\/media?parent=87902"}],"curies":[{"name":"wp","href":"https:\/\/api.w.org\/{rel}","templated":true}]}}

<div class="wpb-content-wrapper"><p>[vc_row][vc_column width=&#8220;1/1&#8243;][uncode_slider][vc_row_inner row_inner_height_percent=&#8220;0&#8243; back_image=&#8220;87739&#8243; back_position=&#8220;center center&#8220; overlay_color=&#8220;color-143431&#8243; overlay_alpha=&#8220;100&#8243; overlay_color_blend=&#8220;multiply&#8220; gutter_size=&#8220;3&#8243; shift_y=&#8220;0&#8243; z_index=&#8220;0&#8243;][vc_column_inner column_width_percent=&#8220;100&#8243; align_horizontal=&#8220;align_center&#8220; gutter_size=&#8220;3&#8243; overlay_alpha=&#8220;50&#8243; shift_x=&#8220;0&#8243; shift_y=&#8220;0&#8243; shift_y_down=&#8220;0&#8243; z_index=&#8220;0&#8243; medium_width=&#8220;0&#8243; mobile_width=&#8220;0&#8243; width=&#8220;1/1&#8243;][vc_empty_space empty_h=&#8220;3&#8243;][vc_custom_heading text_color=&#8220;color-xsdn&#8220; heading_semantic=&#8220;h1&#8243; text_size=&#8220;h1&#8243; separator=&#8220;yes&#8220;]Impressum[/vc_custom_heading][vc_empty_space empty_h=&#8220;3&#8243;][/vc_column_inner][/vc_row_inner][/uncode_slider][/vc_column][/vc_row][vc_row][vc_column width=&#8220;1/2&#8243;][vc_empty_space empty_h=&#8220;2&#8243;][vc_column_text uncode_shortcode_id=&#8220;662111&#8243;]<strong>Appartement Tevini</strong></p>
<p>Manuela Tevini<br />
Gletschermoosstrasse 4<br />
5700 Zell am See</p>
<p>Mobil: +43/664/ 234 98 98<br />
Fax: +43/6542/5 71 54 &#8211; 83<br />
E-Mail: <a href="mailto:info@tevini.at">info@tevini.at</a></p>
<p>&nbsp;</p>
<p><strong>Verwaltet von:</strong></p>
<p>we gmbh<br />
Flugplatzstraße 52<br />
5700 Zell am See<br />
ATU74352158</p>
<p>+43 664 635 8787<br />
<a href="mailto:we@we-rent-apartments.com">we@we-rent-apartments.com</a>[/vc_column_text][/vc_column][vc_column width=&#8220;1/2&#8243;][vc_empty_space empty_h=&#8220;2&#8243;][vc_column_text]<strong>Bildrechte: </strong><br />
Tourismusverband Zell am See; Nikolaus Faistauer,[/vc_column_text][/vc_column][/vc_row][vc_row][vc_column width=&#8220;1/1&#8243;][vc_column_text]</p>
<h3>HAFTUNGSAUSSCHLUSS</h3>
<p><strong>Haftung für Inhalte dieser Webseite</strong><br />
Die Inhalte dieser Webseite wurden mit größtmöglicher Sorgfalt erstellt. Für die Richtigkeit, Vollständigkeit und Aktualität der Inhalte übernehmen wir jedoch keine Gewähr. Als Diensteanbieter sind wir für eigene Inhalte auf diesen Seiten nach den allgemeinen Gesetzen verantwortlich. Wir sind jedoch nicht verpflichtet, übermittelte oder gespeicherte fremde Informationen zu überwachen oder nach Umständen zu forschen, die auf eine rechtswidrige Tätigkeit hinweisen. Verpflichtungen zur Entfernung oder Sperrung der Nutzung von Informationen nach den allgemeinen Gesetzen bleiben hiervon unberührt. Eine diesbezügliche Haftung ist jedoch erst ab dem Zeitpunkt der Kenntnis einer konkreten Rechtsverletzung möglich. Bei Bekanntwerden von entsprechenden Rechtsverletzungen werden wir diese Inhalte umgehend entfernen.</p>
<p><strong>Haftung für Links auf Webseiten Dritter</strong><br />
Unser Angebot enthält Links zu externen Websites. Auf den Inhalt dieser externen Webseiten haben wir keinerlei Einfluss. Deshalb können wir für diese fremden Inhalte auch keine Gewähr übernehmen. Für die Inhalte der verlinkten Seiten ist stets der jeweilige Anbieter oder Betreiber der Seiten verantwortlich. Die verlinkten Seiten wurden zum Zeitpunkt der Verlinkung auf mögliche Rechtsverstöße überprüft. Rechtswidrige Inhalte waren zum Zeitpunkt der Verlinkung nicht erkennbar. Eine permanente inhaltliche Kontrolle der verlinkten Seiten ist jedoch ohne konkrete Anhaltspunkte einer Rechtsverletzung nicht zumutbar. Bei Bekanntwerden von Rechtsverletzungen werden wir derartige Links umgehend entfernen.</p>
<p><strong>Urheberrecht</strong><br />
Die Betreiber dieser Webseite sind bemüht, stets die Urheberrechte anderer zu beachten bzw. auf selbst erstellte sowie lizenzfreie Werke zurückzugreifen. Die durch die Seitenbetreiber erstellten Inhalte und Werke auf dieser Webseite unterliegen dem Urheberrecht. Beiträge Dritter sind als solche gekennzeichnet. Die Vervielfältigung, Bearbeitung, Verbreitung und jede Art der Verwertung außerhalb der Grenzen des Urheberrechtes bedürfen der schriftlichen Zustimmung des jeweiligen Autors bzw. Erstellers. Downloads und Kopien dieser Seite sind nur für den privaten, nicht kommerziellen Gebrauch gestattet.</p>
<h3>COPYRIGHT, MARKEN- &amp; SCHUTZRECHTE</h3>
<h4></h4>
<p>Alle Inhalte auf dieser Website sind urheberrechtlich geschützt. Texte, Bilder, Grafiken, Sound, Animationen und Videos unterliegen dem Schutz des Urheberrechts und anderer Schutzgesetze. Der Inhalt darf nicht zu kommerziellen Zwecken kopiert, verbreitet, verändert oder Dritten zugänglich gemacht werden. Jede Nutzung, insbesondere die Speicherung in Datenbanken, Vervielfältigung, Verbreitung, Bearbeitung und jede Form von gewerblicher Nutzung sowie die Weitergabe an Dritte – auch in Teilen oder in überarbeiteter Form – ohne Zustimmung des Betreibers bzw. des Urhebers ist untersagt.</p>
<p>[/vc_column_text][vc_empty_space empty_h=&#8220;2&#8243;][/vc_column][/vc_row]</p>
</div>
